 = -4*l + 16, l + 2*v + 0 = 4. Calculate the remainder when m(-3) is divided by l.
1
Let t(k) = k**3 + 2*k**2 - k - 54. Calculate the remainder when t(7) is divided by 101.
77
Let o(v) = -v**2 + 35*v + 253. Calculate the remainder when o(38) is divided by 21.
13
Let y = -27 + -1. Let j = y - -32. Suppose -3*z - 44 = -j*v + 56, -4*v + z = -100. What is the remainder when v is divided by 10?
5
Calculate the remainder when 28 is divided by 5*(3 + (-26)/10).
0
Suppose 5*d - 231 = 349. What is the remainder when d is divided by 25?
16
Let v = 25 + -12. Suppose 68*s = 50*s + 144. Calculate the remainder when v is divided by s.
5
Let b = 946 + -733. What is the remainder when b is divided by 49?
17
Suppose k + 4*k + 2*z - 213 = 0, 3*z - 12 = 0. Let f = -297 + 308. What is the remainder when k is divided by f?
8
What is the remainder when 1896 - (4 + -8) - (-6 - -5) is divided by 14?
11
Let x = -2 + 7. Suppose -x*n = -102 - 78. Let h = 5 - -14. What is the remainder when n is divided by h?
17
Let q = 663 - 230. What is the remainder when q is divided by 37?
26
Let t = -79 - -103. Calculate the remainder when 90 is divided by t.
18
Let g be (1 + -2 - -2) + 1. Suppose g*f + 3*f - 115 = 0. Suppose 5*l + 30 = 95. What is the remainder when f is divided by l?
10
What is the remainder when (-92)/5*25/(-10) is divided by 3*48/27*(-59 - -62)?
14
Let h = -326 - -356. What is the remainder when h is divided by 8?
6
Let l = 37 + -9. Let z(c) = -c**3 + 2*c**2 + 3*c - 9. Let o be z(0). Let s = l - o. Calculate the remainder when s is divided by 13.
11
Suppose 3*h - 3*o - 150 = 0, 0 = 2*o - 3*o - 4. Calculate the remainder when 502 is divided by h.
42
Let q(k) = -k**3 + 4*k**2. Let t be q(4). Let z(y) = -y**3 - y**2 + y + 4. Let c be z(t). Let l = 7 - c. What is the remainder when 9 is divided by l?
0
Let v = -3 + -3. Let a be -1*51 - (-9 - v). Calculate the remainder when (-780)/a - (-1)/(-4) is divided by 9.
7
Suppose -3*d + 63 = 15. Calculate the remainder when 333 is divided by d.
13
Let q(r) = 8*r**2 + 2*r - 2. Let j(d) = d**2 + d - 1. Let g(u) = -4*j(u) + q(u). Calculate the remainder when g(1) is divided by 2.
0
Let m be (-2)/(-8) - 1350/24. Suppose -5*z + 400 = q, 2*z - q - 5 - 148 = 0. Let f = z + m. Calculate the remainder when f is divided by 6.
5
Let t(h) = 30*h + 1. Suppose 3*w - z + 8 = 0, 4*w - 4*z - 1 = -5*z. Let x be t(w). Let y = -8 - x. What is the remainder when y is divided by 11?
10
Let a(c) = 3*c - 9. Suppose 2*j + 3 - 1 = -4*o, -2*o - 46 = -4*j. What is the remainder when 49 is divided by a(j)?
13
Suppose -2*t + 4*t = -356. Let d = -120 - t. Calculate the remainder when d is divided by 15.
13
Let d = 85 + -70. Suppose s = -2*g - 2*g + d, 3*g = 3. What is the remainder when 41 is divided by s?
8
Calculate the remainder when 263 is divided by (-136)/(-12) - (-96)/36.
11
Suppose -5*a + 3*g = -2*a - 348, -3*g = 2*a - 207. Let z = -16 + a. What is the remainder when z is divided by 24?
23
Let r be 1 - (-3 - (-1 - 1)). Suppose -4*x - 5*q = -69, 5 = 3*q - r*q. What is the remainder when x is divided by 7?
4
Suppose 2*d = -r + 3*d - 41, -d + 1 = 0. Let b = r + 60. Suppose b*v - 60 = 15*v. Calculate the remainder when 44 is divided by v.
8
Suppose -266*w = -264*w - 8. Calculate the remainder when w is divided by 3.
1
Let l = 30 + -35. Let q = l - -5. Suppose 3*s - 3 = -q*s, -2*m = -3*s - 31. What is the remainder when 31 is divided by m?
14
Suppose -68*w + 81*w = 182. What is the remainder when 118 is divided by w?
6
Let x(c) = c**3 + 13*c**2 + 12*c + 18. Let q be x(-12). Let s = 33 - q. What is the remainder when 27 is divided by s?
12
Let a(l) = -l**2 + 13*l + 65. Let u = 125 + -116. What is the remainder when a(u) is divided by 35?
31
Let m = 1 - -17. Suppose 2*f + 6 = 5*f. Let g(x) = x**2 + 1. What is the remainder when m is divided by g(f)?
3
Let y = 117 - 109. Calculate the remainder when y/20 + (-4)/(20/(-293)) is divided by 32.
27
Let r(k) = -64*k - 1. Suppose 82*b + 2 = 494. Calculate the remainder when r(-1) is divided by b.
3
Calculate the remainder when 114/(6/(8 + -5)) is divided by 10.
7
Suppose -26*g = -2*g - 120. Calculate the remainder when 83 is divided by g.
3
Suppose q - 5*b = 8, 32 = q - 0*b + b. Let y(r) = -7*r + 39. What is the remainder when y(-10) is divided by q?
25
Suppose 5*g - 178 = 52. Calculate the remainder when 320 is divided by g.
44
Let z = -40 - -129. What is the remainder when z is divided by ((-88)/(-48) + 6)*(6 - 0)?
42
Let d(g) = g**3 + 13*g**2 + 15*g + 97. Calculate the remainder when 105 is divided by d(-12).
44
Let p = 449 - 93. What is the remainder when p is divided by 72?
68
Let u(y) = -10*y + 4. What is the remainder when u(-3) is divided by (82 - 73) + (3 - 0)?
10
Let g(u) be the second derivative of -u**3/6 + 13*u**2/2 + 6*u. What is the remainder when 122 is divided by g(-18)?
29
Suppose -83*l = -76*l - 511. Calculate the remainder when 192 is divided by l.
46
Suppose 0 = 4*z - 180 + 64. Let h = z + -41. What is the remainder when 22 is divided by (h/9)/((-1)/6)?
6
Let q(f) = -f**3 + 7*f**2 + 8*f + 4. Let j be q(8). Suppose -j*w + 242 = -2*w. What is the remainder when w is divided by 31?
28
Let o be (-1 + 14)/(1 + (-4)/2). Let w = o - -63. Calculate the remainder when 96 is divided by w.
46
Let y(d) = -21*d + 4. Calculate the remainder when 103 is divided by y(0).
3
Let i be (2/3)/(2/12). What is the remainder when 47 + (-5 - -4) + i is divided by 3?
2
Let r(k) = -23*k - 1. Suppose -4*u - 13 = -3*q, -4*u - 2*q = -4 + 2. What is the remainder when r(u) is divided by 6?
4
Let b = 72 - 71. Let g(t) = 176*t - 3. What is the remainder when g(b) is divided by 29?
28
Let t(w) = -w**2 - 7*w + 22. Let c be 16/(-28) + 242/7. Let s = 25 - c. What is the remainder when 7 is divided by t(s)?
3
Let v = 316 + -133. What is the remainder when v is divided by 48?
39
Let p = 36 + -19. What is the remainder when 108 is divided by (p/((-119)/(-14)))/(4/74)?
34
Suppose -13*q - 1350 = -31*q. Calculate the remainder when q is divided by 18.
3
Let i be (0 + -9)*8/(-24). Let a = i - -16. Suppose 100 + 11 = 3*g. Calculate the remainder when g is divided by a.
18
Suppose -2*t + 14 + 31 = -5*r, 4*t - 2 = 2*r. Suppose -6*g = -g - 105. Calculate the remainder when g is divided by -3*4/(-12) - r.
9
What is the remainder when (4104/(-380))/((-3)/10) is divided by 22?
14
Suppose -7 = a - 11. Suppose 82 - 22 = a*o. What is the remainder when o is divided by 4?
3
Let t(n) = n**3 + 2*n**2 - 2*n - 3. Suppose 5*q + 6 = 2*q. Let d be t(q). Suppose 2*i - 3*i + d = -2*x, 3*x = i. What is the remainder when 7 is divided by i?
1
What is the remainder when 295*(-5)/125*3*-5 is divided by 15?
12
Suppose 0 = -4*o - 9 + 93. Suppose 0 = -3*q - 24 - o. Let i = q + 20. Calculate the remainder when 12 is divided by i.
2
Suppose -3*p - o = -55, -29 = -3*p + 2*o + 14. What is the remainder when 47 is divided by p?
13
Let r be ((-14)/(-56))/(-1 - (-13)/12). Suppose -2*o - 72 = -r*b + o, -2*o = 6. What is the remainder when 81 is divided by b?
18
Let t = 95 + -60. What is the remainder when -9*(460/12)/(-5) is divided by t?
34
Suppose 3*x - 2*x - 38 = 0. Suppose 4*l + x = 6*l. Suppose -2*o + 24 = 2*v, 3*o + 2*v - 54 = -2*o. Calculate the remainder when l is divided by o.
9
Let p(w) = -32*w - 7. Let i(g) = g**2 - 10*g + 8. Let t be i(11). Suppose -y + 4*u = -5 - t, -5*u = 3*y - 55. What is the remainder when p(-2) is divided by y?
17
Suppose 2*x - 5*f - 5 = 0, 4*x - 5*f - 2 = -3*f. Suppose 4*u + x = -12, h + u = 29. What is the remainder when 59 is divided by h?
27
Suppose 68*s = -4*t + 64*s + 2016, 0 = -3*t - 5*s + 1502. Calculate the remainder when t is divided by 30.
29
Suppose 0 = -5*l - 5*y - 10, l - 1 = -3*y + 3. Let k = -14 + 10. Calculate the remainder when (-1 + 21)*l/k is divided by 7.
4
Calculate the remainder when (-9255)/(-85) + -3 - 4/(-34) is divided by 18.
16
Let z be (-614)/(-3) - (-8)/(-12). Suppose 5*c - z = 2*c. Suppose s - c = -3*f, 4*f + s - 20 = 3*f. What is the remainder when 70 is divided by f?
22
Let g(z) = -2*z**2 + 73*z + 167. Calculate the remainder when 239 is divided by g(38).
27
Suppose -4*z - 2*s + 6 = -2*z, 0 = 4*z + 5*s - 13. Suppose 23 = -z*o - 7. What is the remainder when ((-16)/12)/(2/o) is divided by 4?
2
Suppo